{"id":9197,"date":"2023-12-25T03:24:49","date_gmt":"2023-12-25T06:24:49","guid":{"rendered":"https:\/\/robokid.com.br\/loja\/?post_type=product&#038;p=9197"},"modified":"2023-12-31T15:41:38","modified_gmt":"2023-12-31T18:41:38","slug":"caixa-de-som-bluetooth-5w-com-iluminacao-led-7-4-x-7-4-x-15-cm-grasep-d-y05","status":"publish","type":"product","link":"https:\/\/robokid.com.br\/loja\/produto\/caixa-de-som-bluetooth-5w-com-iluminacao-led-7-4-x-7-4-x-15-cm-grasep-d-y05\/","title":{"rendered":"Caixa de Som Bluetooth 5W com Ilumina\u00e7\u00e3o Led 7.4 x 7.4 x 15 cm GRASEP &#8211; D-Y05"},"content":{"rendered":"<p>DETALHES DO PRODUTO:<br \/>\nCaracter\u00edsticas:<\/p>\n<p>Conex\u00e3o Blueto v.5.0+EDR<\/p>\n<p>Entradas para Cart\u00e3o Micro SD<\/p>\n<p>Som Hi-Fi de alta qualidade<\/p>\n<p>R\u00e1dio FM integrado<\/p>\n<p>Bateria interna de excelente autonomia<\/p>\n<p>Com Ilumina\u00e7\u00e3o e controle de intensidade<\/p>\n<p>Especifica\u00e7\u00f5es:<\/p>\n<p>Pot\u00eancia: 5W RMS<\/p>\n<p>Alimenta\u00e7\u00e3o: 5 Vdc (Via Porta USB)<\/p>\n<p>Capacidade da bateria interna: 800 mAh<\/p>\n<p>Frequ\u00eancia de Resposta: 150-20KHZ<\/p>\n<p>Imped\u00e2ncia: 4 Ohms<\/p>\n<p>Sensibilidade: &gt; 80dB<\/p>\n<p>Di\u00e2metro do Alto-falante: 52mm<\/p>\n<p>Dimens\u00f5es: 7.4 x 7.4 x 15 cm<\/p>\n<p>Conte\u00fado da Embalagem:<\/p>\n<p>01 Caixa de Som Bluetooth<\/p>\n<p>01 Cabo USB X Micro Usb<\/p>\n<p>01 Manual de Instru\u00e7\u00f5es<\/p>\n","protected":false},"excerpt":{"rendered":"<p>DETALHES DO PRODUTO: Caracter\u00edsticas: Conex\u00e3o Blueto v.5.0+EDR Entradas para Cart\u00e3o Micro SD Som Hi-Fi de alta qualidade R\u00e1dio FM integrado Bateria interna de excelente autonomia Com Ilumina\u00e7\u00e3o e controle de<\/p>\n","protected":false},"featured_media":9198,"comment_status":"open","ping_status":"closed","template":"","meta":{"_acf_changed":false},"product_cat":[151],"product_tag":[],"acf":[],"_links":{"self":[{"href":"https:\/\/robokid.com.br\/loja\/wp-json\/wp\/v2\/product\/9197"}],"collection":[{"href":"https:\/\/robokid.com.br\/loja\/wp-json\/wp\/v2\/product"}],"about":[{"href":"https:\/\/robokid.com.br\/loja\/wp-json\/wp\/v2\/types\/product"}],"replies":[{"embeddable":true,"href":"https:\/\/robokid.com.br\/loja\/wp-json\/wp\/v2\/comments?post=9197"}],"wp:featuredmedia":[{"embeddable":true,"href":"https:\/\/robokid.com.br\/loja\/wp-json\/wp\/v2\/media\/9198"}],"wp:attachment":[{"href":"https:\/\/robokid.com.br\/loja\/wp-json\/wp\/v2\/media?parent=9197"}],"wp:term":[{"taxonomy":"product_cat","embeddable":true,"href":"https:\/\/robokid.com.br\/loja\/wp-json\/wp\/v2\/product_cat?post=9197"},{"taxonomy":"product_tag","embeddable":true,"href":"https:\/\/robokid.com.br\/loja\/wp-json\/wp\/v2\/product_tag?post=9197"}],"curies":[{"name":"wp","href":"https:\/\/api.w.org\/{rel}","templated":true}]}}