{"id":9186,"date":"2023-12-25T02:52:02","date_gmt":"2023-12-25T05:52:02","guid":{"rendered":"https:\/\/robokid.com.br\/loja\/?post_type=product&#038;p=9186"},"modified":"2023-12-25T02:54:35","modified_gmt":"2023-12-25T05:54:35","slug":"mega-protoshield-para-arduino-mini-protoboard","status":"publish","type":"product","link":"https:\/\/robokid.com.br\/loja\/produto\/mega-protoshield-para-arduino-mini-protoboard\/","title":{"rendered":"Mega Protoshield para Arduino + Mini Protoboard"},"content":{"rendered":"<h4>Descri\u00e7\u00e3o<\/h4>\n<div class=\"box-descricao\">\n<p>Este\u00a0<strong>protoshield<\/strong>\u00a0foi desenvolvido para facilitar o processo de\u00a0<strong>prototipagem<\/strong>, encaixando-se perfeitamente sobre a\u00a0<strong>placa Arduino\u00a0(Mega)<\/strong>, fornecendo ao usu\u00e1rio uma \u00e1rea de trabalho com 1 led de uso geral, 1 bot\u00e3o e todos os pinos referente ao\u00a0<strong>Arduino\u00a0<\/strong>Mega usados devido a disposi\u00e7\u00e3o dos\u00a0<strong>barramentos<\/strong>. A\u00a0<strong>placa<\/strong>\u00a0pode ser utilizada com o\u00a0<strong>Mini Protoboard<\/strong>\u00a0como mostra a figura abaixo ou sem, aproveitando a \u00e1rea de prototipagem para realizar as soldas de\u00a0<strong>componentes<\/strong>\u00a0ou fios tanto na camada superior como na inferior.<\/p>\n<\/div>\n","protected":false},"excerpt":{"rendered":"<p>Descri\u00e7\u00e3o Este\u00a0protoshield\u00a0foi desenvolvido para facilitar o processo de\u00a0prototipagem, encaixando-se perfeitamente sobre a\u00a0placa Arduino\u00a0(Mega), fornecendo ao usu\u00e1rio uma \u00e1rea de trabalho com 1 led de uso geral, 1 bot\u00e3o e todos<\/p>\n","protected":false},"featured_media":9187,"comment_status":"open","ping_status":"closed","template":"","meta":{"_acf_changed":false},"product_cat":[160],"product_tag":[],"acf":[],"_links":{"self":[{"href":"https:\/\/robokid.com.br\/loja\/wp-json\/wp\/v2\/product\/9186"}],"collection":[{"href":"https:\/\/robokid.com.br\/loja\/wp-json\/wp\/v2\/product"}],"about":[{"href":"https:\/\/robokid.com.br\/loja\/wp-json\/wp\/v2\/types\/product"}],"replies":[{"embeddable":true,"href":"https:\/\/robokid.com.br\/loja\/wp-json\/wp\/v2\/comments?post=9186"}],"wp:featuredmedia":[{"embeddable":true,"href":"https:\/\/robokid.com.br\/loja\/wp-json\/wp\/v2\/media\/9187"}],"wp:attachment":[{"href":"https:\/\/robokid.com.br\/loja\/wp-json\/wp\/v2\/media?parent=9186"}],"wp:term":[{"taxonomy":"product_cat","embeddable":true,"href":"https:\/\/robokid.com.br\/loja\/wp-json\/wp\/v2\/product_cat?post=9186"},{"taxonomy":"product_tag","embeddable":true,"href":"https:\/\/robokid.com.br\/loja\/wp-json\/wp\/v2\/product_tag?post=9186"}],"curies":[{"name":"wp","href":"https:\/\/api.w.org\/{rel}","templated":true}]}}