{"id":9164,"date":"2023-12-24T16:15:08","date_gmt":"2023-12-24T19:15:08","guid":{"rendered":"https:\/\/robokid.com.br\/loja\/?post_type=product&#038;p=9164"},"modified":"2023-12-24T16:15:09","modified_gmt":"2023-12-24T19:15:09","slug":"modulo-amplificador-de-som-estereo-pam8403-sem-potenciometro","status":"publish","type":"product","link":"https:\/\/robokid.com.br\/loja\/produto\/modulo-amplificador-de-som-estereo-pam8403-sem-potenciometro\/","title":{"rendered":"M\u00f3dulo Amplificador de Som Est\u00e9reo PAM8403 &#8211; Sem Potenci\u00f4metro"},"content":{"rendered":"<h4>Descri\u00e7\u00e3o<\/h4>\n<div class=\"box-descricao\">\n<p>O\u00a0<a href=\"https:\/\/www.eletrogate.com\/sensores-e-modulos\"><strong>M\u00f3dulo<\/strong><\/a>\u00a0Amplificador de Som PAM8403 \u00e9 um circuito completo para quem necessita de um amplificador compacto e eficiente. Obs: Ligar a alimenta\u00e7\u00e3o invertida causar\u00e1 a queima do M\u00f3dulo.<\/p>\n<\/div>\n<h4>Especifica\u00e7\u00f5es t\u00e9cnicas<\/h4>\n<div class=\"box-especificacao\">\n<table class=\"table table-striped\">\n<tbody>\n<tr>\n<td>CHIP<\/td>\n<td>PAM8403<\/td>\n<\/tr>\n<tr>\n<td>CANAIS<\/td>\n<td>2<\/td>\n<\/tr>\n<tr>\n<td>POT\u00caNCIA<\/td>\n<td>3W + 3W<\/td>\n<\/tr>\n<tr>\n<td>ALIMENTA\u00c7\u00c3O<\/td>\n<td>2,5-5VDC<\/td>\n<\/tr>\n<tr>\n<td>ALIMENTA\u00c7\u00c3O RECOMEND\u00c1VE<\/td>\n<td>5V<\/td>\n<\/tr>\n<tr>\n<td>POT\u00caNCIA M\u00c1XIMA DE SA\u00cdDA<\/td>\n<td>3W + 3W<\/td>\n<\/tr>\n<\/tbody>\n<\/table>\n<\/div>\n<h4>Acompanha<\/h4>\n<div class=\"box-acompanha\">\n<table class=\"table table-striped\">\n<thead>\n<tr>\n<th>Quantidade<\/th>\n<th>Descri\u00e7\u00e3o<\/th>\n<\/tr>\n<\/thead>\n<tbody>\n<tr>\n<td>01<\/td>\n<td>M\u00f3dulo Amplificador de Som Est\u00e9reo<\/td>\n<\/tr>\n<\/tbody>\n<\/table>\n<\/div>\n","protected":false},"excerpt":{"rendered":"<p>Descri\u00e7\u00e3o O\u00a0M\u00f3dulo\u00a0Amplificador de Som PAM8403 \u00e9 um circuito completo para quem necessita de um amplificador compacto e eficiente. Obs: Ligar a alimenta\u00e7\u00e3o invertida causar\u00e1 a queima do M\u00f3dulo. Especifica\u00e7\u00f5es t\u00e9cnicas<\/p>\n","protected":false},"featured_media":9165,"comment_status":"open","ping_status":"closed","template":"","meta":{"_acf_changed":false},"product_cat":[134,151],"product_tag":[],"acf":[],"_links":{"self":[{"href":"https:\/\/robokid.com.br\/loja\/wp-json\/wp\/v2\/product\/9164"}],"collection":[{"href":"https:\/\/robokid.com.br\/loja\/wp-json\/wp\/v2\/product"}],"about":[{"href":"https:\/\/robokid.com.br\/loja\/wp-json\/wp\/v2\/types\/product"}],"replies":[{"embeddable":true,"href":"https:\/\/robokid.com.br\/loja\/wp-json\/wp\/v2\/comments?post=9164"}],"wp:featuredmedia":[{"embeddable":true,"href":"https:\/\/robokid.com.br\/loja\/wp-json\/wp\/v2\/media\/9165"}],"wp:attachment":[{"href":"https:\/\/robokid.com.br\/loja\/wp-json\/wp\/v2\/media?parent=9164"}],"wp:term":[{"taxonomy":"product_cat","embeddable":true,"href":"https:\/\/robokid.com.br\/loja\/wp-json\/wp\/v2\/product_cat?post=9164"},{"taxonomy":"product_tag","embeddable":true,"href":"https:\/\/robokid.com.br\/loja\/wp-json\/wp\/v2\/product_tag?post=9164"}],"curies":[{"name":"wp","href":"https:\/\/api.w.org\/{rel}","templated":true}]}}