{"id":9150,"date":"2023-12-24T15:02:58","date_gmt":"2023-12-24T18:02:58","guid":{"rendered":"https:\/\/robokid.com.br\/loja\/?post_type=product&#038;p=9150"},"modified":"2023-12-31T15:38:44","modified_gmt":"2023-12-31T18:38:44","slug":"mini-caixa-de-som-bluetooth-5w-tws-colorida-grasep-d-bh999","status":"publish","type":"product","link":"https:\/\/robokid.com.br\/loja\/produto\/mini-caixa-de-som-bluetooth-5w-tws-colorida-grasep-d-bh999\/","title":{"rendered":"Mini Caixa de Som Bluetooth 5W TWS Colorida GRASEP &#8211; D-BH999"},"content":{"rendered":"<p><strong class=\"desctitle\">DETALHES DO PRODUTO:<\/strong><\/p>\n<p>&#8211; Conex\u00e3o Blueto v.5.0+EDR<\/p>\n<p>&#8211; Entrada para Pendrive e Cart\u00e3o Micro SD<\/p>\n<p>&#8211; Som Hi-Fi de alta qualidade<\/p>\n<p>&#8211; R\u00e1dio FM integrado<\/p>\n<p>&#8211; F\u00e1cil instala\u00e7\u00e3o e utiliza\u00e7\u00e3o<\/p>\n<p>&#8211; Bateria interna de excelente autonomia<\/p>\n<p>&#8211; Possu\u00ed Al\u00e7a para Transporte.<\/p>\n<p><strong>Especifica\u00e7\u00f5es:<\/strong><\/p>\n<p>&#8211; Pot\u00eancia: 5W RMS<\/p>\n<p>&#8211; Alimenta\u00e7\u00e3o: 5Vdc (Via Porta USB)<\/p>\n<p>&#8211; Capacidade da bateria interna:600 mAh<\/p>\n<p>&#8211; Frequ\u00eancia de Resposta: 150HZ~20KHZ<\/p>\n<p>&#8211; Imped\u00e2ncia: 2 Ohms<\/p>\n<p>&#8211; Sensibilidade: &gt;85dB<\/p>\n<p>&#8211; Di\u00e2metro do Alto-falante: 5.2CM<\/p>\n<p>&#8211; Dimens\u00f5es: 7.3*7.3*8.5cm (C x L x A)<\/p>\n<p>&#8211; Cores: Preta, Cinza, Azul e Vermelha &#8211; Apenas Azul.<\/p>\n","protected":false},"excerpt":{"rendered":"<p>DETALHES DO PRODUTO: &#8211; Conex\u00e3o Blueto v.5.0+EDR &#8211; Entrada para Pendrive e Cart\u00e3o Micro SD &#8211; Som Hi-Fi de alta qualidade &#8211; R\u00e1dio FM integrado &#8211; F\u00e1cil instala\u00e7\u00e3o e utiliza\u00e7\u00e3o<\/p>\n","protected":false},"featured_media":9151,"comment_status":"open","ping_status":"closed","template":"","meta":{"_acf_changed":false},"product_cat":[134,151],"product_tag":[],"acf":[],"_links":{"self":[{"href":"https:\/\/robokid.com.br\/loja\/wp-json\/wp\/v2\/product\/9150"}],"collection":[{"href":"https:\/\/robokid.com.br\/loja\/wp-json\/wp\/v2\/product"}],"about":[{"href":"https:\/\/robokid.com.br\/loja\/wp-json\/wp\/v2\/types\/product"}],"replies":[{"embeddable":true,"href":"https:\/\/robokid.com.br\/loja\/wp-json\/wp\/v2\/comments?post=9150"}],"wp:featuredmedia":[{"embeddable":true,"href":"https:\/\/robokid.com.br\/loja\/wp-json\/wp\/v2\/media\/9151"}],"wp:attachment":[{"href":"https:\/\/robokid.com.br\/loja\/wp-json\/wp\/v2\/media?parent=9150"}],"wp:term":[{"taxonomy":"product_cat","embeddable":true,"href":"https:\/\/robokid.com.br\/loja\/wp-json\/wp\/v2\/product_cat?post=9150"},{"taxonomy":"product_tag","embeddable":true,"href":"https:\/\/robokid.com.br\/loja\/wp-json\/wp\/v2\/product_tag?post=9150"}],"curies":[{"name":"wp","href":"https:\/\/api.w.org\/{rel}","templated":true}]}}