{"id":9145,"date":"2023-12-24T14:37:40","date_gmt":"2023-12-24T17:37:40","guid":{"rendered":"https:\/\/robokid.com.br\/loja\/?post_type=product&#038;p=9145"},"modified":"2023-12-31T15:32:58","modified_gmt":"2023-12-31T18:32:58","slug":"bancada-de-manutencao-garras-auxiliar-pcb-soldagem-04149-te-806","status":"publish","type":"product","link":"https:\/\/robokid.com.br\/loja\/produto\/bancada-de-manutencao-garras-auxiliar-pcb-soldagem-04149-te-806\/","title":{"rendered":"Bancada de Manuten\u00e7\u00e3o Garras Auxiliar PCB Soldagem 04149 &#8211; TE-806"},"content":{"rendered":"<p><strong class=\"desctitle\">DETALHES DO PRODUTO:<\/strong><\/p>\n<p>Bancada de manuten\u00e7\u00e3o adequada para placas-m\u00e3e de telefones celulares; pode prender placas em formato especial.<\/p>\n<p>\u2022 Modelo: TE-806<\/p>\n<p>\u2022 Tipo: Fixa\u00e7\u00e3o magn\u00e9tica multifuncional TE-806<\/p>\n<p>\u2022 Lupa remov\u00edvel e clipes jacar\u00e9 X 4.<\/p>\n<p>\u2022\u00a0 ngulo de fixa\u00e7\u00e3o ajust\u00e1vel de 360\u00b0.<\/p>\n<p>\u2022 Bra\u00e7o universal met\u00e1lico.<\/p>\n<p>\u2022 Garra jacar\u00e9 com luva de borracha antiderrapante de isolamento.<\/p>\n<p>\u2022 A placa inferior \u00e9 feita de metal fosco, que \u00e9 est\u00e1vel e dur\u00e1vel.<\/p>\n<p>\u2022 O acess\u00f3rio \u00e9 adequado para placas-m\u00e3e de telefones celulares; pode prender placas de formato especial.<\/p>\n","protected":false},"excerpt":{"rendered":"<p>DETALHES DO PRODUTO: Bancada de manuten\u00e7\u00e3o adequada para placas-m\u00e3e de telefones celulares; pode prender placas em formato especial. \u2022 Modelo: TE-806 \u2022 Tipo: Fixa\u00e7\u00e3o magn\u00e9tica multifuncional TE-806 \u2022 Lupa remov\u00edvel<\/p>\n","protected":false},"featured_media":9146,"comment_status":"open","ping_status":"closed","template":"","meta":{"_acf_changed":false},"product_cat":[160],"product_tag":[],"acf":[],"_links":{"self":[{"href":"https:\/\/robokid.com.br\/loja\/wp-json\/wp\/v2\/product\/9145"}],"collection":[{"href":"https:\/\/robokid.com.br\/loja\/wp-json\/wp\/v2\/product"}],"about":[{"href":"https:\/\/robokid.com.br\/loja\/wp-json\/wp\/v2\/types\/product"}],"replies":[{"embeddable":true,"href":"https:\/\/robokid.com.br\/loja\/wp-json\/wp\/v2\/comments?post=9145"}],"wp:featuredmedia":[{"embeddable":true,"href":"https:\/\/robokid.com.br\/loja\/wp-json\/wp\/v2\/media\/9146"}],"wp:attachment":[{"href":"https:\/\/robokid.com.br\/loja\/wp-json\/wp\/v2\/media?parent=9145"}],"wp:term":[{"taxonomy":"product_cat","embeddable":true,"href":"https:\/\/robokid.com.br\/loja\/wp-json\/wp\/v2\/product_cat?post=9145"},{"taxonomy":"product_tag","embeddable":true,"href":"https:\/\/robokid.com.br\/loja\/wp-json\/wp\/v2\/product_tag?post=9145"}],"curies":[{"name":"wp","href":"https:\/\/api.w.org\/{rel}","templated":true}]}}